) a multiple of 21?
True
Let d(r) = 4*r**3 + 8*r**2 - 13*r - 8. Let u(h) = 3*h**3 + 8*h**2 - 12*h - 8. Let p(c) = 2*d(c) - 3*u(c). Let i be p(-9). Does 3 divide 0 - 6/(i/1)?
True
Let j(y) = 506*y**2. Let q be j(2). Is q/55 + 2/10 a multiple of 27?
False
Suppose p + 3*w - 14 = 0, 16 = 3*p + 4*w - 1. Is 0 - p/(-1)*-2 even?
True
Suppose 0 = -o + 5*o - 48. Let x = 2 - o. Is (-236)/x - 4/(-10) a multiple of 7?
False
Let h = 7 - 7. Is (h + 1)/((-3)/(-240)) a multiple of 16?
True
Let g be 0/(-1)*2/(-2). Suppose -5*n + 3*o + 208 = 0, -n + g*n = -5*o - 24. Let h = -6 + n. Does 14 divide h?
False
Suppose -2*x = 5*v - 235, 2*v + 8 - 648 = -5*x. Is 26 a factor of x?
True
Let l be 1/((-1)/2 - -1). Suppose -h - 3*m + 34 = -0*m, l*m - 116 = -4*h. Is 14 a factor of h?
True
Is 15 a factor of -1 + 4 + 432/6?
True
Suppose -2*u + 28 = 4*q, 0 = -3*u + q + 22 + 6. Does 5 divide (-5)/(u/(-46)) - 3?
True
Let i(v) = 3*v**2 + 4*v + 2. Let q be i(-2). Let a = q - 4. Suppose -a*o + 32 = 4*b - 6, -2*o = -2*b + 10. Is 8 a factor of b?
True
Let n(q) = -2*q + 1. Let a be n(-1). Suppose -d + 4*j = 6 + 4, 5*d - 65 = -a*j. Is d a multiple of 10?
True
Let b be 12*((-9)/6 + 1). Let u be (-45)/b - (-2)/4. Does 10 divide u + 2/((-3)/(-3))?
True
Suppose 0 = 13*c - 3332 + 1252. Is c a multiple of 32?
True
Let c be (-156)/(-10) + 6/15. Let w be c*(1/(-2) + 1). Suppose w = u + u. Is 3 a factor of u?
False
Let v be (-1 - 1) + 1 + 64. Suppose -3*p + v = 3*y, -5*y + 113 = 4*p - 3*p. Is y a multiple of 23?
True
Suppose -15 = -5*m - 3*d, d - 3*d + 10 = 4*m. Let c be m/2*(-4)/(-8). Suppose c = 4*r - 15 - 1. Does 4 divide r?
True
Is 116/10*35/14 a multiple of 8?
False
Does 11 divide -3 - (-2 + -196 + -3)?
True
Suppose 10 + 10 = 4*i. Suppose 3*d - 3*w = 4*d - 30, 4*d + i*w - 155 = 0. Is d a multiple of 12?
False
Let x(g) = g**3 + 10*g**2 - 10*g + 11. Let o be x(-11). Suppose -3*q + 4 + 17 = o. Does 3 divide q?
False
Suppose 0 = -w - 0*w + 32. Is w a multiple of 10?
False
Suppose -5*q + 68 = -3*q. Let r be 1/((-1)/5 - (-13)/90). Let c = q + r. Is 8 a factor of c?
True
Let z(p) = -p**2 - p - 5. Let g(a) = 4. Let q(o) = 3*g(o) + 2*z(o). Let b be q(-2). Does 4 divide (-4)/(12/9 + b)?
False
Is 15 a factor of (4 + (-23)/2)*-6?
True
Let n = 16 + -54. Let u = n - -20. Let z = 8 - u. Does 26 divide z?
True
Suppose 0*c + 2*c - 208 = 0. Let x(l) = -l**2 - 3*l + 9. Let a be x(-5). Is c*-1*a/2 a multiple of 14?
False
Suppose 3*h = o + 281 - 5, o + 3 = 0. Is 10 a factor of h?
False
Let f = 53 + 4. Suppose -53 = -3*k + s, -k + 2*k - 5*s = 13. Let y = f - k. Does 14 divide y?
False
Let h(t) = -12*t - 4. Let x = 13 - 25. Let f be h(x). Suppose 3*p = -5*k + f, 2*p - 92 = -5*k + k. Is 17 a factor of p?
False
Suppose 5*t = -5*n + 360, 2*n - 2*t + 84 - 228 = 0. Is n a multiple of 24?
True
Suppose 0 = -4*b + 5*c + 63, 5*b - 33 = 3*b + 3*c. Is b a multiple of 12?
True
Let z = 20 - -20. Let w = z + -25. Is w a multiple of 8?
False
Let q(p) be the third derivative of p**6/120 + p**5/15 - 2*p**3/3 + 2*p**2. Let c be q(-4). Let z = c + 8. Is 2 a factor of z?
True
Let s = 5 + -1. Suppose -o + 15 = -6*o, -f + s*o = -32. Is 5 a factor of f?
True
Let s = 51 - 4. Does 30 divide s?
False
Is 21 a factor of (-7)/((-21)/(-6)) + (1 - -188)?
False
Let k = -40 - -64. Let s = k + -10. Does 7 divide s?
True
Suppose -2*c - 2*c - 40 = 0. Let m = c + 16. Is 2/(-6)*(-342)/m a multiple of 15?
False
Let x be (2 - 4)*2*1. Let v(n) = 4 - 2*n**2 + 3*n**2 - 4. Is v(x) a multiple of 8?
True
Is 20 a factor of ((-30)/20)/(9/(-1212))?
False
Let z be 8/36 + 20/(-9). Is -3*1 - 60/z a multiple of 7?
False
Let o be ((-1)/(-3))/(2/18). Does 4 divide (-1)/((-13)/4 + o)?
True
Suppose -m + 6*m = 35. Does 7 divide m?
True
Suppose -4*f + 15 = -137. Does 19 divide f?
True
Let f(r) be the third derivative of -r**6/24 + r**5/60 + r**4/24 + r**3/6 - 4*r**2. Is f(-1) even?
True
Suppose 4*d - 13 - 15 = 0. Suppose -q = -d + 3. Suppose 2*g = -q*o + 100, 79 = 3*o + 5*g - 3. Is 24 a factor of o?
True
Let a(s) = s**3 + 7*s**2 + s + 3. Is a(-5) a multiple of 8?
True
Let m be ((-6)/(-10))/(2/10). Let n(y) = 1 + 0 + 2*y**2 - 2*y + m. Does 6 divide n(3)?
False
Let h(u) = u - 4. Let w be h(7). Suppose 10 = -2*p, -3*t - w*p = -p - 32. Is 11 a factor of t?
False
Let x = 8 - 5. Let d = x + -1. Suppose 0 = 5*h - d*t - 156, -5*h - 42 = -6*h - 5*t. Is 16 a factor of h?
True
Suppose i + 104 = 5*f - 3*i, -3*f + i + 68 = 0. Is 4 a factor of f?
True
Suppose 3*r = -0 + 3. Is -2 + 2 + r*16 a multiple of 15?
False
Let n(h) = -9*h**3 + 2*h + 1. Let f(i) = -18*i**3 - i**2 + 5*i + 3. Let m(w) = -2*f(w) + 5*n(w). Does 3 divide m(-1)?
False
Let f(r) = -14*r - 2. Suppose 0*k + 6 = -2*k. Is f(k) a multiple of 31?
False
Let b(a) = 3*a**3 + 9*a**2 + 9*a + 7. Suppose 0 = -3*g - g - 28. Let k(x) = 2*x**3 + 4*x**2 + 4*x + 3. Let r(t) = g*k(t) + 3*b(t). Does 4 divide r(-1)?
False
Let q = 71 + -57. Is 14 a factor of q?
True
Suppose 0 = 8*n - 11*n + 60. Is n a multiple of 3?
False
Let s = -6 - 1. Let c = -1 - s. Is c a multiple of 6?
True
Is (3 - 2601/(-15)) + (-2)/5 a multiple of 24?
False
Let w be 0 - -6 - (-2 + 3). Let r(u) = -u - 1. Let c be r(w). Let n = c + 12. Is n a multiple of 3?
True
Let l(v) = v**2 + 6*v + 15. Does 14 divide l(-11)?
True
Suppose -d - 3*d = -144. Is d a multiple of 6?
True
Let n(h) = -h + 2. Let m(k) = k - 1. Let d(u) = -3*m(u) - 4*n(u). Let s be d(5). Suppose 0 = -2*v - g + 46, 88 = 4*v - s*g + 4*g. Is 12 a factor of v?
True
Does 6 divide 6/39 + (-932)/(-26)?
True
Suppose -m + 346 = 3*j, 0*j + 4*m = -2*j + 234. Is 25 a factor of j?
False
Let n(t) = -4 + 4*t - 1 - 9*t - 1. Does 11 divide n(-7)?
False
Let s(d) = -d**2 + 6*d - 6. Let k be s(4). Suppose 4*x + k*y + 218 = 0, 2*x = 3*x + 2*y + 56. Let q = x + 81. Is q a multiple of 9?
True
Suppose -2*r = r - 12. Is (18 - 6)*2/r a multiple of 6?
True
Let u = -377 - -262. Let t = u - -169. Is t a multiple of 15?
False
Let l(k) = -k + 3. Let u be l(0). Suppose u*y = 1 + 8. Suppose y*b - 33 = 3. Is 12 a factor of b?
True
Let p = 52 - 26. Is 26 a factor of p?
True
Let l = 9 + 15. Does 12 divide l?
True
Suppose g = 5*x - 35, 2*g + 2*x + 7 + 3 = 0. Let q = g - -40. Is q a multiple of 10?
True
Let i = -9 + 9. Suppose -r + 0*r + 28 = d, i = 2*d - 4*r - 44. Does 13 divide d?
True
Let k = -50 + 83. Let x = -19 + k. Is x a multiple of 8?
False
Suppose -5*m + 7*m = 48. Is 6 a factor of m?
True
Suppose 0 = 17*f - 20*f + 24. Does 2 divide f?
True
Suppose 0*s + 2*s = 0. Let z(w) = w**3 + 6. Let y be z(s). Suppose -y*l + l + 102 = 2*q, -5*l + 204 = 4*q. Is q a multiple of 19?
False
Is 40/12*3 + 1 a multiple of 4?
False
Suppose 2*s - s = -5*c - 21, 8 = -3*s - 4*c. Suppose 0 = -n - s*n + 15. Is 3 a factor of n?
True
Suppose -2*t - 170 + 6 = 0. Is 7 a factor of t/(-10) + (-1)/5?
False
Let s = 6 - 0. Let d(r) be the second derivative of -r**5/20 + 7*r**4/12 - r**3/2 - 4*r**2 - 3*r. Is d(s) a multiple of 6?
False
Let k(t) = -t**3 + 4*t**2 - 1. Is k(-3) a multiple of 21?
False
Let s = 5 + -2. Let i(y) = 14*y + 1. Let l be i(s). Let p = l - 15. Is p a multiple of 14?
True
Suppose 0 = -4*z + 3 + 21. Suppose 5*x = 2*x - z, -2*x - 25 = -3*p. Does 3 divide p?
False
Suppose n + 4*n = -c + 695, 3*n = 4*c + 440. Is n a multiple of 28?
True
Suppose -v = 7*i - 4*i - 213, -4*v = 2*i - 152. Is i a multiple of 31?
False
Let s be (0 + -3)/(-3) + 2. Let u be ((-8)/s)/(6/(-9)). Suppose -d - u = -3*d. Does 2 divide d?
True
Let a(b) = b**2 - 9*b - 12. Suppose 2*g - g - 11 = 0. Does 10 divide a(g)?
True
Suppose -v = -3*l + 36, 4*l + 5*v = -0*l + 48. Suppose l + 20 = x. Is x a multiple of 15?
False
Let d(r) = r**3 + 7*r**2 - 7*r + 8. Let a be d(-8). Let u(z) = -z + 6. Let l be u(a). Is (-4)/(-6) + 164/l a multiple of 14?
True
Suppose 3*a = -0*a - 3. Is 15 a factor of (16 + a)*(-11)/(-3)?
False
Let t = -3 + 6. Suppose 34 = t*j - 23. Does 19 divide j?
True
Let i = 4 - -2. Does 3 divide i?
True
Let z(i) = -i - 6. Let t(a) = 6. Let d(l) = 3*t(l) + 4*z(l). Let b be d(-6). Let p = -9 + b. Does 9 divide p?
True
Suppose -5*p = -204 - 136. Suppose v = 5*v - p. Is v a multiple of 17?
True
Let p be 1/(3 + (-14)/5). Let q(i) = 3*i**2 + 11*i + 1. Let x(u) = 5*u**2 + 17*u + 1. Let c(k) = -8*q(k) + 5*x(k). Does 4 divide c(p)?
False
Is (-2)/5*-5 - -2 a multiple of 4?
True
Let s be 